 by 58?
15
Calculate the remainder when 238 is divided by 116.
6
Calculate the remainder when 321 is divided by 9.
6
Calculate the remainder when 868 is divided by 11.
10
What is the remainder when 92 is divided by 17?
7
What is the remainder when 1308 is divided by 18?
12
Calculate the remainder when 264 is divided by 14.
12
What is the remainder when 766 is divided by 103?
45
Calculate the remainder when 1065 is divided by 165.
75
What is the remainder when 23 is divided by 14?
9
What is the remainder when 277 is divided by 52?
17
Calculate the remainder when 403 is divided by 15.
13
What is the remainder when 3399 is divided by 42?
39
What is the remainder when 827 is divided by 138?
137
Calculate the remainder when 1216 is divided by 18.
10
Calculate the remainder when 374 is divided by 29.
26
Calculate the remainder when 119 is divided by 18.
11
What is the remainder when 57 is divided by 29?
28
What is the remainder when 1000 is divided by 29?
14
Calculate the remainder when 5852 is divided by 5842.
10
What is the remainder when 700 is divided by 187?
139
What is the remainder when 121 is divided by 33?
22
What is the remainder when 186 is divided by 94?
92
Calculate the remainder when 3335 is divided by 66.
35
Calculate the remainder when 718 is divided by 90.
88
Calculate the remainder when 946 is divided by 245.
211
Calculate the remainder when 1732 is divided by 570.
22
What is the remainder when 162 is divided by 34?
26
What is the remainder when 156 is divided by 23?
18
Calculate the remainder when 487 is divided by 61.
60
Calculate the remainder when 2592 is divided by 40.
32
Calculate the remainder when 512 is divided by 26.
18
What is the remainder when 138 is divided by 27?
3
Calculate the remainder when 58 is divided by 34.
24
What is the remainder when 620 is divided by 125?
120
What is the remainder when 404 is divided by 59?
50
Calculate the remainder when 8347 is divided by 261.
256
Calculate the remainder when 3693 is divided by 42.
39
Calculate the remainder when 230 is divided by 49.
34
Calculate the remainder when 148 is divided by 77.
71
What is the remainder when 140 is divided by 107?
33
What is the remainder when 336 is divided by 57?
51
What is the remainder when 4122 is divided by 133?
132
What is the remainder when 354 is divided by 71?
70
What is the remainder when 67 is divided by 14?
11
What is the remainder when 244 is divided by 32?
20
What is the remainder when 267 is divided by 54?
51
Calculate the remainder when 282 is divided by 77.
51
What is the remainder when 2114 is divided by 78?
8
Calculate the remainder when 475 is divided by 30.
25
What is the remainder when 214 is divided by 6?
4
What is the remainder when 438 is divided by 10?
8
What is the remainder when 107 is divided by 29?
20
Calculate the remainder when 1370 is divided by 28.
26
Calculate the remainder when 642 is divided by 215.
212
What is the remainder when 274 is divided by 25?
24
What is the remainder when 139 is divided by 125?
14
Calculate the remainder when 1289 is divided by 425.
14
What is the remainder when 3483 is divided by 19?
6
Calculate the remainder when 10317 is divided by 10.
7
What is the remainder when 558 is divided by 16?
14
What is the remainder when 927 is divided by 49?
45
What is the remainder when 730 is divided by 23?
17
What is the remainder when 15 is divided by 3?
0
Calculate the remainder when 46 is divided by 18.
10
What is the remainder when 480 is divided by 472?
8
What is the remainder when 799 is divided by 50?
49
Calculate the remainder when 367 is divided by 205.
162
What is the remainder when 155 is divided by 23?
17
Calculate the remainder when 244 is divided by 4.
0
What is the remainder when 231 is divided by 205?
26
What is the remainder when 7678 is divided by 160?
158
What is the remainder when 3419 is divided by 312?
299
What is the remainder when 23 is divided by 20?
3
Calculate the remainder when 534 is divided by 112.
86
Calculate the remainder when 2067 is divided by 99.
87
Calculate the remainder when 137 is divided by 73.
64
Calculate the remainder when 62 is divided by 36.
26
What is the remainder when 2177 is divided by 53?
4
What is the remainder when 87 is divided by 9?
6
What is the remainder when 2137 is divided by 51?
46
What is the remainder when 1750 is divided by 1737?
13
Calculate the remainder when 111 is divided by 19.
16
Calculate the remainder when 344 is divided by 15.
14
Calculate the remainder when 71 is divided by 18.
17
What is the remainder when 1498 is divided by 60?
58
Calculate the remainder when 87 is divided by 77.
10
Calculate the remainder when 62 is divided by 34.
28
What is the remainder when 1352 is divided by 224?
8
Calculate the remainder when 71 is divided by 67.
4
What is the remainder when 63 is divided by 37?
26
Calculate the remainder when 370 is divided by 17.
13
What is the remainder when 308 is divided by 174?
134
Calculate the remainder when 28858 is divided by 65.
63
What is the remainder when 724 is divided by 21?
10
Calculate the remainder when 204 is divided by 38.
14
What is the remainder when 165 is divided by 34?
29
Calculate the remainder when 20 is divided by 5.
0
What is the remainder when 472 is divided by 153?
13
What is the remainder when 462 is divided by 37?
18
What is the remainder when 144 is divided by 38?
30
Calculate the remainder when 218 is divided by 10.
8
Calculate the remainder when 4792 is divided by 35.
32
What is the remainder when 1274 is divided by 10?
4
What is the remainder when 325 is divided by 69?
49
What is the remainder when 137 is divided by 70?
67
What is the remainder when 8 is divided by 6?
2
Calculate the remainder when 867 is divided by 28.
27
Calculate the remainder when 1116 is divided by 14.
10
What is the remainder when 3918 is divided by 28?
26
What is the remainder when 729 is divided by 73?
72
What is the remainder when 36837 is divided by 226?
225
What is the remainder when 10729 is divided by 219?
217
What is the remainder when 716 is divided by 74?
50
What is the remainder when 5041 is divided by 49?
43
What is the remainder when 129 is divided by 42?
3
Calculate the remainder when 5684 is divided by 219.
209
What is the remainder when 1348 is divided by 27?
25
Calculate the remainder when 160 is divided by 43.
31
What is the remainder when 194 is divided by 15?
14
Calculate the remainder when 455 is divided by 57.
56
Calculate the remainder when 191 is divided by 16.
15
What is the remainder when 101 is divided by 54?
47
What is the remainder when 56 is divided by 16?
8
Calculate the remainder when 83230 is divided by 68.
66
Calculate the remainder when 255 is divided by 37.
33
Calculate the remainder when 122 is divided by 67.
55
What is the remainder when 199 is divided by 8?
7
What is the remainder when 280 is divided by 18?
10
What is the remainder when 1695 is divided by 16?
15
What is the remainder when 116 is divided by 31?
23
What is the remainder when 340 is divided by 38?
36
What is the remainder when 776 is divided by 158?
144
What is the remainder when 1722 is divided by 15?
12
What is the remainder when 369 is divided by 144?
81
What is the remainder when 1332 is divided by 441?
9
Calculate the remainder when 1051 is divided by 452.
147
What is the remainder when 4965 is divided by 2482?
1
What is the remainder when 49 is divided by 26?
23
Calculate the remainder when 8754 is divided by 103.
102
What is the remainder when 81 is divided by 72?
9
What is the remainder when 1609 is divided by 23?
22
What is the remainder when 4245 is divided by 177?
174
What is the remainder when 1537 is divided by 67?
63
What is the remainder when 4434 is divided by 2207?
20
What is the remainder when 1942 is divided by 18?
16
What is the remainder when 617 is divided by 20?
17
What is the remainder when 1713 is divided by 35?
33
What is the remainder when 2253 is divided by 16?
13
What is the remainder when 308 is divided by 24?
20
What is the remainder when 31 is divided by 17?
14
What is the remainder when 1170 is divided by 32?
18
Calculate the remainder when 502 is divided by 14.
12
What is the remainder when 2491 is divided by 21?
13
What is the remainder when 828 is divided by 220?
168